*2 - 6*t - 5. Let d be b(-6). What is the units digit of i(d)?
6
Let z(k) = 75*k**2 + k + 3. What is the tens digit of z(-1)?
7
Suppose 58 + 36 = 2*h. What is the tens digit of h?
4
Suppose 0 = 4*o - 9*o - 125. Let q = 35 + o. What is the units digit of q?
0
Let p be -16*(-2)/4*2. Let c = 31 - p. What is the tens digit of c?
1
Suppose n - 4*n - 5*h - 14 = 0, 0 = -5*n + 2*h + 18. Suppose -18 = 4*a - n*a. Let q = 0 - a. What is the units digit of q?
9
Suppose -1192 = -4*j - 2*c, 293 = 3*j - 2*j - 2*c. What is the hundreds digit of j?
2
Let y(n) = -14*n - 5. What is the tens digit of y(-7)?
9
Let u be (-6 - (1 + 2)) + -1. Let i(f) = 2*f**2 + 14*f + 15. Let c be i(u). Suppose 3*l + 2*l = 5*t - c, 0 = -2*l - 4. What is the units digit of t?
3
Suppose -2*p = 2*p - 16. Suppose -2*v = -3*n + 5*n - 2, 0 = -4*v. Suppose -p*y - n = -5. What is the units digit of y?
1
Suppose -3*l - 8 = -5*l. Suppose -k + 3 - 10 = -2*h, 2*h + l*k = -18. What is the units digit of h?
1
Suppose 31 = 2*s + c - 4*c, 3*s + 2*c = 53. Let a = s - -6. What is the tens digit of a?
2
Suppose 4*l = 13 + 7. Suppose -89 - 41 = -l*o. What is the units digit of o?
6
Let z(i) = i**3 - 16*i**2 + 6*i - 8. Let a be z(16). Suppose -j = 4*o - a, 3*j - 4 - 113 = -5*o. What is the units digit of o?
1
Suppose -2*g = 2*f - 642, 2*g = -3*f - 2*f + 630. What is the tens digit of g?
2
Let v(o) = -2*o - 3. Let l be v(-6). Suppose 2*q = 3 - l. What is the units digit of (3/2)/(q/(-6))?
3
Let d = 46 + -24. Let z = d - 6. What is the units digit of z?
6
Let b(q) = 3*q**3 - 3*q**2 - 2*q - 2. Let a(i) = -i**3 - 4*i**2 + 6*i + 3. Let z be a(-5). Let k be b(z). Let d = -23 - k. What is the units digit of d?
1
Suppose 3*i - 29 = 70. What is the units digit of i?
3
Suppose 2*j + 22 = 2*d, 14 = 5*j + d + 51. Let v = 2 - j. Let l = v + -5. What is the units digit of l?
5
Suppose -1662 = 47*h - 53*h. What is the hundreds digit of h?
2
Suppose n + 2 + 9 = 0. Let u = n - -13. What is the units digit of u?
2
Let u(y) = 13*y + 2. Suppose 0*d + 6 = 3*d. What is the tens digit of u(d)?
2
Let h be ((-9)/(-6))/(1/2). Suppose -h*l = 1 - 4. Suppose -r + 3*x + l = x, 2*r - 5 = 3*x. What is the units digit of r?
7
Suppose -32 = -2*v - 10. Suppose -h = -v - 10. What is the units digit of h?
1
Let s(v) = -8*v**3 + 2*v**2 - 2*v + 6. Let n(y) = -7*y**3 + y**2 - 2*y + 6. Let z(a) = 7*n(a) - 6*s(a). What is the units digit of z(-5)?
6
Suppose -3*x + 155 = 6*s - 2*s, 3*s - 3*x - 111 = 0. What is the tens digit of s?
3
Let r(c) = c - 2. Let g = 0 + -6. Let i be 4/g*-21 - 3. What is the units digit of r(i)?
9
Suppose -4*v + 0*v + 5*g = -68, 2*v - 36 = 2*g. What is the units digit of v?
2
What is the units digit of 30/((-3)/6 - (-20)/25)?
0
Let k = 63 + -33. What is the tens digit of k?
3
Suppose 2 - 20 = -3*z. What is the units digit of z?
6
Let l = -16 - -52. What is the units digit of l?
6
Let b = -3 + 4. Let x be 404/24 + b/6. Suppose -5 = d - 4*d + 2*k, 0 = 5*d + k - x. What is the units digit of d?
3
Suppose 0 = -6*s + 3*s + 135. Let o = s + -12. What is the tens digit of o?
3
Let h(c) = -c**3 + 5*c**2 + 6*c + 1. Let f be h(6). What is the tens digit of (8 + 3)*f/1?
1
What is the units digit of (3 + 1)*38 + 1?
3
Suppose 0*j + 14 = 2*j. Let r = j + -4. Suppose 0 = r*b - m + 8 - 35, -2*b + 4 = 4*m. What is the units digit of b?
8
Let s(q) be the second derivative of -q**3/6 - q**2 + 2*q. Let l be s(-2). Suppose -2*m + 6*m - 4 = l. What is the units digit of m?
1
Suppose 3*k - 42 = 3. Suppose 4*f = 3*b + k - 1, -5*b = 4*f - 30. Let a = b + 3. What is the units digit of a?
5
Suppose -20*h - 529 + 6709 = 0. What is the units digit of h?
9
Suppose 32 = 5*s - 253. Let m = -26 + s. What is the tens digit of m?
3
Suppose 0 = 4*g - v - 3, 0 = -3*v - 0*v + 3. Let n(k) = 11*k**2 + 1. What is the units digit of n(g)?
2
Let w be ((-4)/(-10))/(1/115). Let i = -28 + w. Suppose f = 4*f - i. What is the units digit of f?
6
Let j be (3 - 2 - -2)/3. Let m be 15/(-6)*(-1 - j). Suppose -m*v = -3*u + 20, -u - 8 = -2*u + 3*v. What is the units digit of u?
5
Suppose -2*a - 4*l + 438 = 0, 4*l = 5*a + 7*l - 1109. What is the hundreds digit of a?
2
Suppose -5*w + 2 = -7*w. What is the units digit of 2*(4 + -2) - w?
5
Let x(c) = -c**3 - c**2 - c + 12. Let a(p) = p**2 - 2*p + 1. Let j be a(3). Suppose 0 = -j*b + 2*b. What is the units digit of x(b)?
2
Let v = 3 - 2. Suppose -19 = -4*q + v. Suppose -2 - 1 = 4*w + q*b, 5*w + b - 12 = 0. What is the units digit of w?
3
Suppose -4*r + 80 = -0*r. What is the units digit of r?
0
Suppose 3*c - 3*v - 204 = -6*v, 300 = 5*c - 5*v. What is the units digit of c?
4
Let m = 180 - 42. What is the units digit of m?
8
Let a(y) = y**3. Let i(f) = 8*f**3 + f**2 - 1. Let b(j) = a(j) + i(j). What is the units digit of b(1)?
9
Let j(g) = -g + 1. Suppose 4 = -2*h + 2*l, -4*h + 3*l - l = 2. Suppose h + 3 = -2*u. What is the units digit of j(u)?
3
Let a(d) = -2*d**3 + 5*d**2 - 7*d + 1. Let n(p) = 5*p**3 - 15*p**2 + 20*p - 3. Let h(j) = -8*a(j) - 3*n(j). What is the units digit of h(-5)?
1
Suppose -5*j - 90 = -4*h + 3*h, 3*j + 5*h + 26 = 0. What is the tens digit of 76/10*(j - -22)?
3
Let f be 16/2 - (3 - 3). Let i(b) = -b**2 + 8*b + 1. What is the units digit of i(f)?
1
Let o(a) = 4*a - 1. Let n be o(1). Suppose -l + p - 10 = -4*p, 5*l + n*p = 34. Suppose 6*x - x = -l*b + 20, -4*b - 47 = -3*x. What is the units digit of x?
9
Let s(f) = 5*f**3 - f**2 - 2*f + 2. Let j be s(1). Suppose b = -j*y + 76, -2*y + 3*b = y - 57. What is the units digit of y?
9
Suppose -c + 112 = 3*c. What is the units digit of c?
8
Let k(p) = -2*p - 1. Let h be k(-5). Let v(d) be the first derivative of d**2 - 9*d - 11. What is the units digit of v(h)?
9
Suppose 3*o = -5 - 28. Let y(u) = -u**3 - 2*u**2. Let x be y(-2). Let b = x - o. What is the units digit of b?
1
Let h = 5 + -5. Suppose -u + 26 + h = 0. What is the tens digit of u?
2
Let l(b) = b**2 - 4*b - 1. Let p be l(5). Suppose 3*d = p*c - 27, 7*c - 2*d = 2*c + 39. What is the units digit of c?
9
What is the tens digit of 26 + 0 - (-7 - -10)?
2
Let b = -1 - -4. Suppose -5*n - 5*m = -25, b*n - m = -3*m + 14. What is the units digit of n?
4
Let b(h) = -15*h - 27. What is the units digit of b(-5)?
8
Let f = 461 - 228. What is the tens digit of f?
3
Let j(b) = b**3 + b**2 - 2*b - 1. Let a be j(3). Suppose 0 = 3*u + 2*c - a, 3*u - c - 10 = u. What is the units digit of u?
7
Suppose -23*n - 55 = -28*n. What is the tens digit of n?
1
Let u(t) be the first derivative of -t**2/2 - 3*t + 1. Let y be u(-6). What is the units digit of (y/(-5))/(6/(-90))?
9
Suppose -4*v + 4*f = -v - 395, -2*v + 266 = -4*f. What is the hundreds digit of v?
1
Let a(q) = -q**2 - 14*q - 10. Let y be a(-13). Suppose -5*r = 4*s - 97, -y*s - 6 = -0*s. What is the units digit of r + (27/3)/(-3)?
8
Let p = -89 + 143. Suppose 0*d - p = -3*d. Suppose 0 = 5*n - 3*n - d. What is the units digit of n?
9
Let k = 32 - 17. Suppose -k = -q - 0*q. Let c = q + -9. What is the units digit of c?
6
Let i(f) = -5*f**2 + 6*f**2 + 3 - f - 2*f. Let z = 15 - 11. What is the units digit of i(z)?
7
Suppose 3*c - 91 = 4*a, -c + 41 = -3*a - a. What is the tens digit of c?
2
What is the units digit of 0/(-2) + 132/6?
2
Let r(p) = -p**3 - 10*p**2 - p. What is the tens digit of r(-10)?
1
Let d = 263 - 52. What is the hundreds digit of d?
2
Suppose 4*b = d - 38, -2*b - 15 = 3*b. What is the units digit of d?
6
Let c(n) = 2*n**2 - n + 4. Let b be c(-6). Suppose -4*p + b = -50. What is the tens digit of p?
3
Let h = 77 + -52. What is the units digit of h?
5
Let s = 15 - 7. Suppose -s = -4*f - 0*f. Suppose -5*d + d = 4*g, -2*g = 3*d + f. What is the units digit of g?
2
Let i be (3 + 6/(-2))/2. Suppose -36 = -i*l - 3*l. What is the tens digit of l?
1
Suppose -5*j = 3*i - 85, 4*i + 0*i = -5*j + 110. Suppose -3*t - 60 = -5*a, t = -3*a - 3 + i. What is the units digit of 3/9*1*a?
3
Suppose -2*u + 124 = 5*o, 3*o - 166 = -5*u + 106. What is the units digit of u?
2
Let r(d) = 32*d + 3. Suppose s = 4*c - 3, 0*s + s = c. What is the units digit of r(c)?
5
Let i(z) = -z**2 - 11*z - 1. Let g be i(-10). Suppose 3*c + 0 = g. What is the units digit of c?
3
Let u = -20 - -38. Let l = -11 + u. What is the units digit of l?
7
Let i(g) = 3*g**2 + 11*g + 3. What is the tens digit of